se 2, what is 1101101010 - 1011000001?
10101001
In base 8, what is -216543556 - -5?
-216543551
In base 15, what is 5 + 2ac4383?
2ac4388
In base 9, what is -120832777 - -3?
-120832774
In base 3, what is -2010102201222101 + 2?
-2010102201222022
In base 12, what is 2 - 849001a?
-8490018
In base 13, what is 397c + -6442?
-2793
In base 8, what is 4 + 3367143?
3367147
In base 11, what is -144452 - -2715?
-141838
In base 12, what is 1b8 + -25118?
-24b20
In base 4, what is -1022 + -32331103212?
-32331110300
In base 3, what is -202221 - 1001210010122?
-1001210220120
In base 6, what is 5 - 11444510?
-11444501
In base 16, what is -863 - -2206?
19a3
In base 2, what is -101011001101010110010111 + 0?
-101011001101010110010111
In base 8, what is -171563 + -134?
-171717
In base 9, what is 4156 - -6826?
12083
In base 15, what is ccd8 + 719?
d502
In base 13, what is 7161442 + 8?
716144a
In base 7, what is -2145 + -1611020?
-1613165
In base 8, what is 2142 - -707617?
711761
In base 5, what is 1042133 + 23400?
1121033
In base 2, what is 1111000101000011100 + 11011010?
1111000101011110110
In base 12, what is 1821 + -1309?
514
In base 7, what is 2200 + -20036?
-14536
In base 15, what is 15e3b77c - 1?
15e3b77b
In base 12, what is -3 + -18a1533?
-18a1536
In base 13, what is 23 - 20c8541?
-20c851b
In base 8, what is 14255657142 + 5?
14255657147
In base 12, what is -4ba + -20992?
-21290
In base 10, what is -69 - -17726?
17657
In base 3, what is -12221002 + 1020022212?
1000101210
In base 13, what is 5a4927 - -67?
5a4991
In base 9, what is -2482104 + 526?
-2481467
In base 12, what is -a978241 + 1?
-a978240
In base 8, what is -14332273 - -1?
-14332272
In base 5, what is 2214324102 - 30?
2214324022
In base 10, what is -443 - 11416?
-11859
In base 8, what is -142714 - -203?
-142511
In base 2, what is 10111111011 + -1011001101011?
-1000001110000
In base 16, what is 60 - 521d?
-51bd
In base 9, what is -2 - -44086663?
44086661
In base 2, what is 100010010001001001000010 - -100?
100010010001001001000110
In base 15, what is -744b + 384?
-70b7
In base 2, what is 101010101011110100110 - -1000010?
101010101011111101000
In base 14, what is -c5135 - 6?
-c513b
In base 11, what is -28 + 1884661?
1884634
In base 14, what is -1d03bd + -2b6?
-1d0695
In base 14, what is -2249 - -935?
-1714
In base 9, what is -4 + 318658867?
318658863
In base 13, what is -a875b87 - 0?
-a875b87
In base 15, what is 4 - -14cd316?
14cd31a
In base 6, what is -4333401 + 25452?
-4303505
In base 2, what is 101111000100101001111110110 - -11?
101111000100101001111111001
In base 7, what is 14 + 13000062?
13000106
In base 16, what is b4 - 15cd71?
-15ccbd
In base 8, what is -720 + -14465?
-15405
In base 8, what is 3164 + 706173?
711357
In base 2, what is 10000000101000111111100101101 - -1?
10000000101000111111100101110
In base 4, what is -30 + -1112301?
-1112331
In base 16, what is 971b - 130?
95eb
In base 16, what is -9 - -fe10b?
fe102
In base 8, what is 0 - -23324735?
23324735
In base 13, what is -42750 + -3c?
-4278c
In base 16, what is 3 - -162bd64?
162bd67
In base 6, what is 2 + 44013245134?
44013245140
In base 14, what is -3 + -a98905?
-a98908
In base 12, what is 87ba4 - b38?
87068
In base 12, what is 25 + -931a0?
-93177
In base 16, what is 253aca - 3?
253ac7
In base 13, what is -a - 3472945?
-3472952
In base 15, what is 5 - -16385cd?
16385d3
In base 4, what is -3120130 + 1233202?
-1220322
In base 5, what is 1243021 - -301?
1243322
In base 16, what is 3aca + -b3?
3a17
In base 16, what is c3a + 872b?
9365
In base 4, what is 2003320312 - -2103?
2003323021
In base 3, what is -102111020100 - 1010?
-102111021110
In base 12, what is 3a - 98b7a?
-98b40
In base 15, what is 6e + -6db0b?
-6da8c
In base 6, what is 151 - -151253110?
151253301
In base 11, what is 219 - 514a4a?
-514831
In base 15, what is 12b + -2dd4a6?
-2dd37a
In base 14, what is 93 - 1065d?
-105aa
In base 4, what is -23310130 - 132223?
-30103013
In base 2, what is -11 + -101101000100101101110001?
-101101000100101101110100
In base 14, what is -2173b30 - -6?
-2173b28
In base 15, what is 5 - 1dbe788?
-1dbe783
In base 11, what is 5a81 - -5?
5a86
In base 16, what is 2 - -50beae?
50beb0
In base 10, what is -65987 + -79?
-66066
In base 9, what is -3310173 - 71?
-3310254
In base 13, what is -209a - -17869?
1579c
In base 9, what is -8104 - -1046?
-7047
In base 14, what is 4 - -3d9812a?
3d98130
In base 16, what is -6e3 + -11d8?
-18bb
In base 6, what is -221125 - 40325?
-301454
In base 3, what is -10001110210112 + -10?
-10001110210122
In base 10, what is -598831 - -20?
-598811
In base 8, what is -3 - -40213437?
40213434
In base 9, what is -33454460 - 30?
-33454500
In base 9, what is -18 + 1027265?
1027246
In base 2, what is 0 - -1101101101100011101011100101?
1101101101100011101011100101
In base 6, what is -134 - -21422535?
21422401
In base 10, what is -4 + 7193208?
7193204
In base 4, what is 222232200103 - -10?
222232200113
In base 10, what is 5 + 6466044?
6466049
In base 4, what is 2031 - -10321103322?
10321112013
In base 15, what is -302b3 - 2?
-302b5
In base 15, what is -159ebb8 + -29?
-159ebe2
In base 13, what is 16 - -39969?
39982
In base 13, what is 1150b0 - 6?
1150a7
In base 6, what is 5 + -53545135?
-53545130
In base 12, what is 551 - -b247?
b798
In base 13, what is 48 + -5b9195?
-5b914a
In base 14, what is -30 + 88b243?
88b213
In base 3, what is 11011201101121112 + -2?
11011201101121110
In base 11, what is 48250 + 633?
48883
In base 3, what is -1001110011 + -221?
-1001111002
In base 3, what is 110 - 1020011000221?
-1020011000111
In base 13, what is -1 - 61c9b8a?
-61c9b8b
In base 3, what is 1000112102 + 101121110?
1102010212
In base 3, what is 102020221 - -102110001?
211200222
In base 4, what is 102300113110 + -10?
102300113100
In base 13, what is -409174 - 5?
-409179
In base 6, what is 1535 + -123522?
-121543
In base 3, what is 11012122120 + 222020?
11020121210
In base 16, what is 6709 + -461c?
20ed
In base 8, what is 753137 - 30?
753107
In base 2, what is 10000111110000 - 1001000100100?
111111001100
In base 10, what is -23 - 134735?
-134758
In base 7, what is -4110505 + 13?
-4110462
In base 7, what is -454 + -206003?
-206460
In base 14, what is -32ab + -16641?
-1990c
In base 15, what is 2a5561 + -6?
2a555a
In base 16, what is -290 + 2d94f?
2d6bf
In base 5, what is -1310103 - 14321?
-1324424
In base 3, what is 122200212111201 - 102?
122200212111022
In base 16, what is -4db - -29724?
29249
In base 14, what is a3895 - 41?
a3854
In base 6, what is -22353 - 214130?
-240523
In base 9, what is 1161 - 14463?
-13302
In base 16, what is 185a - -2c43?
449d
In base 12, what is -1a - 88355a?
-883578
In base 11, what is 920843 + 8?
920850
In base 16, what is -3e2 - 3710?
-3af2
In base 3, what is 20112022 - -110101222?
200221021
In base 6, what is -40451041 + -1?
-40451042
In base 9, what is -74628 - -880?
-73638
In base 12, what is -173 - -26b872?
26b6bb
In base 10, what is 27863248 + -9?
27863239
In base 12, what is 18 - 559451b?
-5594503
In base 2, what is 100100001000101000100101 + 11?
100100001000101000101000
In base 9, what is -2027824 + 15?
-2027808
In base 6, what is 1501251 - 40?
1501211
In base 2, what is 1101001 - -1110011010111110101?
1110011011001011110
In base 13, what is 2129c + -26?
21276
In base 6, what is -4304341 - 1?
-4304342
In base 11, what is 559a30 + 16?
559a46
In base 6, what is 1111335 + -22?
1111313
In base 4, what is -2233313 - 2020?
-2301333
In base 12, what is -5 + 1b18981?
1b18978
In base 7, what is 2 + 213641222?
213641224
In base 4, what is 2220101312321 - -10?
2220101312331
In base 4, what is 212111 - -100113022?
100331133
In base 15, what is -1ba + -a41?
-c0b
In base 10, what is 5 + -660649?
-660644
In base 8, what is -466447036 + 0?
-466447036
In base 12, what is -1 + 8b048?
8b047
In base 4, what is 1012212102 - 223?
1012211213
In base 14, what is 10 - 5037924?
-5037914
In base 11, what is 8 + -2767437?
-276742a
In base 3, what is -120210 + -1100222012012?
-1100222202222
In base 15, what is 5e6e8 + -15d?
5e58a
In base 6, what is -13000540 - -1055?
-12555441
In base 14, what is 7dcdb3 + 4?
7dcdb7
In base 6, what is 5 + 1353213203?
1353213212
In base 16, what is -169 + 8616?
84ad
In base 15, what is -e - 80a4b?
-80a5a
In base 9, what is 